{"id":462,"date":"2023-12-09T10:26:52","date_gmt":"2023-12-09T08:26:52","guid":{"rendered":"https:\/\/helperz.ro\/blog\/?page_id=462"},"modified":"2024-08-27T16:30:34","modified_gmt":"2024-08-27T14:30:34","slug":"acasa","status":"publish","type":"page","link":"https:\/\/helperz.ro\/blog\/","title":{"rendered":"Bun venit pe blogul Helperz"},"content":{"rendered":"\n<h2 class=\"wp-block-heading\">E\u0219ti p\u0103rinte? Avem resurse gratuite pentru tine<\/h2>\n\n\n<ul class=\"wp-block-latest-posts__list is-grid columns-4 wp-block-latest-posts has-medium-font-size\"><li><a class=\"wp-block-latest-posts__post-title\" href=\"https:\/\/helperz.ro\/blog\/comunicare-familie-menajera\/\">Comunicarea dintre familie \u0219i menajer\u0103: cum evi\u021bi cele mai frecvente ne\u00een\u021belegeri<\/a><\/li>\n<li><div class=\"wp-block-latest-posts__featured-image\"><a href=\"https:\/\/helperz.ro\/blog\/cum-angajez-o-menajera\/\" aria-label=\"Cum angajez o menajer\u0103? Ghid complet: contract, taxe, semne de alarm\u0103 \u0219i perioad\u0103 de prob\u0103\"><img decoding=\"async\" width=\"150\" height=\"84\" src=\"https:\/\/helperz.ro\/blog\/\/data\/wordpress\/uploads\/2026\/02\/cum-angajez-o-menajera.jpg\" class=\"attachment-thumbnail size-thumbnail wp-post-image\" alt=\"Cum angajez o menajera\" style=\"\" \/><\/a><\/div><a class=\"wp-block-latest-posts__post-title\" href=\"https:\/\/helperz.ro\/blog\/cum-angajez-o-menajera\/\">Cum angajez o menajer\u0103? Ghid complet: contract, taxe, semne de alarm\u0103 \u0219i perioad\u0103 de prob\u0103<\/a><\/li>\n<li><div class=\"wp-block-latest-posts__featured-image\"><a href=\"https:\/\/helperz.ro\/blog\/ce-face-o-menajera\/\" aria-label=\"Atribu\u021biile unei menajere. Rolul complet \u0219i evaluarea calit\u0103\u021bii\"><img decoding=\"async\" width=\"150\" height=\"84\" src=\"https:\/\/helperz.ro\/blog\/\/data\/wordpress\/uploads\/2026\/03\/ce-face-o-menajera.jpg\" class=\"attachment-thumbnail size-thumbnail wp-post-image\" alt=\"Atributiile unei menajere\" style=\"\" \/><\/a><\/div><a class=\"wp-block-latest-posts__post-title\" href=\"https:\/\/helperz.ro\/blog\/ce-face-o-menajera\/\">Atribu\u021biile unei menajere. Rolul complet \u0219i evaluarea calit\u0103\u021bii<\/a><\/li>\n<li><div class=\"wp-block-latest-posts__featured-image\"><a href=\"https:\/\/helperz.ro\/blog\/cum-gasesc-o-menajera\/\" aria-label=\"Cum g\u0103sesc o menajer\u0103 de \u00eencredere?\"><img decoding=\"async\" width=\"150\" height=\"84\" src=\"https:\/\/helperz.ro\/blog\/\/data\/wordpress\/uploads\/2026\/02\/cum-gasesc-o-menajera.jpg\" class=\"attachment-thumbnail size-thumbnail wp-post-image\" alt=\"Cum gasesc o menajera\" style=\"\" \/><\/a><\/div><a class=\"wp-block-latest-posts__post-title\" href=\"https:\/\/helperz.ro\/blog\/cum-gasesc-o-menajera\/\">Cum g\u0103sesc o menajer\u0103 de \u00eencredere?<\/a><\/li>\n<li><div class=\"wp-block-latest-posts__featured-image\"><a href=\"https:\/\/helperz.ro\/blog\/ce-este-menajul\/\" aria-label=\"Ce este menajul \u0219i ce presupune? Ghidul complet pentru familii ocupate\"><img loading=\"lazy\" decoding=\"async\" width=\"150\" height=\"84\" src=\"https:\/\/helperz.ro\/blog\/\/data\/wordpress\/uploads\/2026\/02\/ce-este-menajul-si-ce-presupune.jpg\" class=\"attachment-thumbnail size-thumbnail wp-post-image\" alt=\"Ce este menajul\" style=\"\" \/><\/a><\/div><a class=\"wp-block-latest-posts__post-title\" href=\"https:\/\/helperz.ro\/blog\/ce-este-menajul\/\">Ce este menajul \u0219i ce presupune? Ghidul complet pentru familii ocupate<\/a><\/li>\n<li><div class=\"wp-block-latest-posts__featured-image\"><a href=\"https:\/\/helperz.ro\/blog\/vietnam-friday\/\" aria-label=\"\u0218efii n-au vrut s\u0103 facem Black Friday, a\u0219a c\u0103&#8230;\"><img loading=\"lazy\" decoding=\"async\" width=\"150\" height=\"150\" src=\"https:\/\/helperz.ro\/blog\/\/data\/wordpress\/uploads\/2025\/11\/Discutie-Vietnam-Friday.jpg\" class=\"attachment-thumbnail size-thumbnail wp-post-image\" alt=\"\" style=\"\" \/><\/a><\/div><a class=\"wp-block-latest-posts__post-title\" href=\"https:\/\/helperz.ro\/blog\/vietnam-friday\/\">\u0218efii n-au vrut s\u0103 facem Black Friday, a\u0219a c\u0103&#8230;<\/a><\/li>\n<li><div class=\"wp-block-latest-posts__featured-image\"><a href=\"https:\/\/helperz.ro\/blog\/cat-costa-o-menajera-in-bucuresti-si-ilfov-in-2025\/\" aria-label=\"C\u00e2t cost\u0103 o menajer\u0103 \u00een Bucure\u0219ti \u0219i Ilfov \u00een 2025? (Ghid complet cu date reale)\"><img loading=\"lazy\" decoding=\"async\" width=\"150\" height=\"102\" src=\"https:\/\/helperz.ro\/blog\/\/data\/wordpress\/uploads\/2025\/11\/Cat-costa-o-menajera-in-Bucuresti-si-Ilfov-2025.jpeg\" class=\"attachment-thumbnail size-thumbnail wp-post-image\" alt=\"Cat costa o menajera in Bucuresti si Ilfov\" style=\"\" \/><\/a><\/div><a class=\"wp-block-latest-posts__post-title\" href=\"https:\/\/helperz.ro\/blog\/cat-costa-o-menajera-in-bucuresti-si-ilfov-in-2025\/\">C\u00e2t cost\u0103 o menajer\u0103 \u00een Bucure\u0219ti \u0219i Ilfov \u00een 2025? (Ghid complet cu date reale)<\/a><\/li>\n<li><div class=\"wp-block-latest-posts__featured-image\"><a href=\"https:\/\/helperz.ro\/blog\/helperz-noua-versiune-petsitting\/\" aria-label=\"O experien\u021b\u0103 Helperz \u00eembun\u0103t\u0103\u021bit\u0103 pentru familii \u0219i helperi &#8211; Helperz 3.0\"><img loading=\"lazy\" decoding=\"async\" width=\"150\" height=\"72\" src=\"https:\/\/helperz.ro\/blog\/\/data\/wordpress\/uploads\/2025\/07\/hero.jpg\" class=\"attachment-thumbnail size-thumbnail wp-post-image\" alt=\"Helperz 3.0 - noua versiune e aici\" style=\"\" \/><\/a><\/div><a class=\"wp-block-latest-posts__post-title\" href=\"https:\/\/helperz.ro\/blog\/helperz-noua-versiune-petsitting\/\">O experien\u021b\u0103 Helperz \u00eembun\u0103t\u0103\u021bit\u0103 pentru familii \u0219i helperi &#8211; Helperz 3.0<\/a><\/li>\n<\/ul>\n\n\n<div class=\"wp-block-uagb-buttons uagb-buttons__outer-wrap uagb-btn__default-btn uagb-btn-tablet__default-btn uagb-btn-mobile__default-btn uagb-block-894f2b75\"><div class=\"uagb-buttons__wrap uagb-buttons-layout-wrap \">\n<div class=\"wp-block-uagb-buttons-child uagb-buttons__outer-wrap uagb-block-457f3457 wp-block-button\"><div class=\"uagb-button__wrapper\"><a class=\"uagb-buttons-repeater wp-block-button__link\" aria-label=\"\" href=\"https:\/\/helperz.ro\/blog\/sfaturi-parinti\/\" rel=\"follow noopener\" target=\"_blank\"><div class=\"uagb-button__link\">Vezi toate articolele pentru P\u0103rin\u021bi<\/div><span class=\"uagb-button__icon uagb-button__icon-position-after\"><svg xmlns=\"https:\/\/www.w3.org\/2000\/svg\" viewBox=\"0 0 448 512\" aria-hidden=\"true\" focussable=\"false\"><path d=\"M246.6 233.4l-160-160c-12.5-12.5-32.75-12.5-45.25 0s-12.5 32.75 0 45.25L178.8 256l-137.4 137.4c-12.5 12.5-12.5 32.75 0 45.25C47.63 444.9 55.81 448 64 448s16.38-3.125 22.62-9.375l160-160C259.1 266.1 259.1 245.9 246.6 233.4zM438.6 233.4l-160-160c-12.5-12.5-32.75-12.5-45.25 0s-12.5 32.75 0 45.25L370.8 256l-137.4 137.4c-12.5 12.5-12.5 32.75 0 45.25C239.6 444.9 247.8 448 256 448s16.38-3.125 22.62-9.375l160-160C451.1 266.1 451.1 245.9 438.6 233.4z\"><\/path><\/svg><\/span><\/a><\/div><\/div>\n<\/div><\/div>\n\n\n\n<div style=\"height:148px\" aria-hidden=\"true\" class=\"wp-block-spacer\"><\/div>\n\n\n\n<h2 class=\"wp-block-heading\">E\u0219ti bon\u0103? Uite resurse care s\u0103 te ajute<\/h2>\n\n\n<ul class=\"wp-block-latest-posts__list is-grid columns-4 wp-block-latest-posts has-medium-font-size\"><li><div class=\"wp-block-latest-posts__featured-image\"><a href=\"https:\/\/helperz.ro\/blog\/cat-costa-o-menajera-in-bucuresti-si-ilfov-in-2025\/\" aria-label=\"C\u00e2t cost\u0103 o menajer\u0103 \u00een Bucure\u0219ti \u0219i Ilfov \u00een 2025? (Ghid complet cu date reale)\"><img loading=\"lazy\" decoding=\"async\" width=\"300\" height=\"203\" src=\"https:\/\/helperz.ro\/blog\/\/data\/wordpress\/uploads\/2025\/11\/Cat-costa-o-menajera-in-Bucuresti-si-Ilfov-2025.jpeg\" class=\"attachment-medium size-medium wp-post-image\" alt=\"Cat costa o menajera in Bucuresti si Ilfov\" style=\"\" \/><\/a><\/div><a class=\"wp-block-latest-posts__post-title\" href=\"https:\/\/helperz.ro\/blog\/cat-costa-o-menajera-in-bucuresti-si-ilfov-in-2025\/\">C\u00e2t cost\u0103 o menajer\u0103 \u00een Bucure\u0219ti \u0219i Ilfov \u00een 2025? (Ghid complet cu date reale)<\/a><\/li>\n<li><div class=\"wp-block-latest-posts__featured-image\"><a href=\"https:\/\/helperz.ro\/blog\/helperz-noua-versiune-petsitting\/\" aria-label=\"O experien\u021b\u0103 Helperz \u00eembun\u0103t\u0103\u021bit\u0103 pentru familii \u0219i helperi &#8211; Helperz 3.0\"><img loading=\"lazy\" decoding=\"async\" width=\"300\" height=\"145\" src=\"https:\/\/helperz.ro\/blog\/\/data\/wordpress\/uploads\/2025\/07\/hero.jpg\" class=\"attachment-medium size-medium wp-post-image\" alt=\"Helperz 3.0 - noua versiune e aici\" style=\"\" \/><\/a><\/div><a class=\"wp-block-latest-posts__post-title\" href=\"https:\/\/helperz.ro\/blog\/helperz-noua-versiune-petsitting\/\">O experien\u021b\u0103 Helperz \u00eembun\u0103t\u0103\u021bit\u0103 pentru familii \u0219i helperi &#8211; Helperz 3.0<\/a><\/li>\n<li><div class=\"wp-block-latest-posts__featured-image\"><a href=\"https:\/\/helperz.ro\/blog\/activitati-pentru-copii-3-ani\/\" aria-label=\"Activit\u0103\u021bi pentru copii de 3 ani: 36 de activit\u0103\u021bi pentru dezvoltare \u0219i distrac\u021bie\"><img loading=\"lazy\" decoding=\"async\" width=\"300\" height=\"169\" src=\"https:\/\/helperz.ro\/blog\/\/data\/wordpress\/uploads\/2024\/09\/activitati-copii-3-ani.png\" class=\"attachment-medium size-medium wp-post-image\" alt=\"activitati-copii-3-ani\" style=\"\" \/><\/a><\/div><a class=\"wp-block-latest-posts__post-title\" href=\"https:\/\/helperz.ro\/blog\/activitati-pentru-copii-3-ani\/\">Activit\u0103\u021bi pentru copii de 3 ani: 36 de activit\u0103\u021bi pentru dezvoltare \u0219i distrac\u021bie<\/a><\/li>\n<li><div class=\"wp-block-latest-posts__featured-image\"><a href=\"https:\/\/helperz.ro\/blog\/povesti-copii\/\" aria-label=\"Pove\u0219ti pentru copii: povestiri \u0219i nuvele captivante pentru toate v\u00e2rstele\"><img loading=\"lazy\" decoding=\"async\" width=\"300\" height=\"150\" src=\"https:\/\/helperz.ro\/blog\/\/data\/wordpress\/uploads\/2024\/08\/povesti-copii.jpg\" class=\"attachment-medium size-medium wp-post-image\" alt=\"povesti de copii\" style=\"\" \/><\/a><\/div><a class=\"wp-block-latest-posts__post-title\" href=\"https:\/\/helperz.ro\/blog\/povesti-copii\/\">Pove\u0219ti pentru copii: povestiri \u0219i nuvele captivante pentru toate v\u00e2rstele<\/a><\/li>\n<li><div class=\"wp-block-latest-posts__featured-image\"><a href=\"https:\/\/helperz.ro\/blog\/incredere-bona-parinte\/\" aria-label=\"Cum construie\u0219ti o rela\u021bie de \u00eencredere bon\u0103 &#8211; p\u0103rinte\"><img loading=\"lazy\" decoding=\"async\" width=\"300\" height=\"225\" src=\"https:\/\/helperz.ro\/blog\/\/data\/wordpress\/uploads\/2024\/01\/image-13.png\" class=\"attachment-medium size-medium wp-post-image\" alt=\"A baby monitor\" style=\"\" \/><\/a><\/div><a class=\"wp-block-latest-posts__post-title\" href=\"https:\/\/helperz.ro\/blog\/incredere-bona-parinte\/\">Cum construie\u0219ti o rela\u021bie de \u00eencredere bon\u0103 &#8211; p\u0103rinte<\/a><\/li>\n<li><div class=\"wp-block-latest-posts__featured-image\"><a href=\"https:\/\/helperz.ro\/blog\/lista-completa-pentru-babysitteri-ce-trebuie-sa-stii-inainte-de-a-incepe\/\" aria-label=\"Lista complet\u0103 pentru babysitteri: ce trebuie s\u0103 \u0219tii \u00eenainte de a \u00eencepe\"><img loading=\"lazy\" decoding=\"async\" width=\"300\" height=\"225\" src=\"https:\/\/helperz.ro\/blog\/\/data\/wordpress\/uploads\/2024\/01\/image-12.png\" class=\"attachment-medium size-medium wp-post-image\" alt=\"A baby&#039;s room filled with various childcare items such as a crib\" style=\"\" \/><\/a><\/div><a class=\"wp-block-latest-posts__post-title\" href=\"https:\/\/helperz.ro\/blog\/lista-completa-pentru-babysitteri-ce-trebuie-sa-stii-inainte-de-a-incepe\/\">Lista complet\u0103 pentru babysitteri: ce trebuie s\u0103 \u0219tii \u00eenainte de a \u00eencepe<\/a><\/li>\n<li><div class=\"wp-block-latest-posts__featured-image\"><a href=\"https:\/\/helperz.ro\/blog\/ar-trebui-ca-o-bona-sa-aiba-asigurare\/\" aria-label=\"Ar trebui ca o bon\u0103 s\u0103 aib\u0103 asigurare?\"><img loading=\"lazy\" decoding=\"async\" width=\"300\" height=\"225\" src=\"https:\/\/helperz.ro\/blog\/\/data\/wordpress\/uploads\/2024\/01\/image-11.png\" class=\"attachment-medium size-medium wp-post-image\" alt=\"A baby stroller next to a shield\" style=\"\" \/><\/a><\/div><a class=\"wp-block-latest-posts__post-title\" href=\"https:\/\/helperz.ro\/blog\/ar-trebui-ca-o-bona-sa-aiba-asigurare\/\">Ar trebui ca o bon\u0103 s\u0103 aib\u0103 asigurare?<\/a><\/li>\n<li><div class=\"wp-block-latest-posts__featured-image\"><a href=\"https:\/\/helperz.ro\/blog\/ghidul-unei-bone-cum-sa-organizezi-o-zi-cu-copiii\/\" aria-label=\"Ghidul unei bone: Cum s\u0103 organizezi o zi cu copiii\"><img loading=\"lazy\" decoding=\"async\" width=\"300\" height=\"225\" src=\"https:\/\/helperz.ro\/blog\/\/data\/wordpress\/uploads\/2024\/01\/image-10.png\" class=\"attachment-medium size-medium wp-post-image\" alt=\"A playroom full of various children&#039;s toys\" style=\"\" \/><\/a><\/div><a class=\"wp-block-latest-posts__post-title\" href=\"https:\/\/helperz.ro\/blog\/ghidul-unei-bone-cum-sa-organizezi-o-zi-cu-copiii\/\">Ghidul unei bone: Cum s\u0103 organizezi o zi cu copiii<\/a><\/li>\n<\/ul>\n\n\n<div class=\"wp-block-uagb-buttons uagb-buttons__outer-wrap uagb-btn__default-btn uagb-btn-tablet__default-btn uagb-btn-mobile__default-btn uagb-block-f79c8c1f\"><div class=\"uagb-buttons__wrap uagb-buttons-layout-wrap \">\n<div class=\"wp-block-uagb-buttons-child uagb-buttons__outer-wrap uagb-block-44cca585 wp-block-button\"><div class=\"uagb-button__wrapper\"><a class=\"uagb-buttons-repeater wp-block-button__link\" aria-label=\"\" href=\"https:\/\/helperz.ro\/blog\/sfaturi-bone\/\" rel=\"follow noopener\" target=\"_blank\"><div class=\"uagb-button__link\">Vezi toate articolele pentru Bone<\/div><span class=\"uagb-button__icon uagb-button__icon-position-after\"><svg xmlns=\"https:\/\/www.w3.org\/2000\/svg\" viewBox=\"0 0 448 512\" aria-hidden=\"true\" focussable=\"false\"><path d=\"M246.6 233.4l-160-160c-12.5-12.5-32.75-12.5-45.25 0s-12.5 32.75 0 45.25L178.8 256l-137.4 137.4c-12.5 12.5-12.5 32.75 0 45.25C47.63 444.9 55.81 448 64 448s16.38-3.125 22.62-9.375l160-160C259.1 266.1 259.1 245.9 246.6 233.4zM438.6 233.4l-160-160c-12.5-12.5-32.75-12.5-45.25 0s-12.5 32.75 0 45.25L370.8 256l-137.4 137.4c-12.5 12.5-12.5 32.75 0 45.25C239.6 444.9 247.8 448 256 448s16.38-3.125 22.62-9.375l160-160C451.1 266.1 451.1 245.9 438.6 233.4z\"><\/path><\/svg><\/span><\/a><\/div><\/div>\n<\/div><\/div>\n\n\n\n<div style=\"height:100px\" aria-hidden=\"true\" class=\"wp-block-spacer\"><\/div>\n\n\n\n<div class=\"wp-block-columns is-layout-flex wp-container-core-columns-is-layout-28f84493 wp-block-columns-is-layout-flex\">\n<div class=\"wp-block-column is-layout-flow wp-block-column-is-layout-flow\">\n<h2 class=\"wp-block-heading\">Las\u0103-ne s\u0103 te ajut\u0103m cu treburile&nbsp;<strong>acas\u0103<\/strong>&nbsp;\u0219i bucur\u0103-te de mai mult\u0103 lini\u0219te \u0219i timp liber.<\/h2>\n\n\n\n<p>\u00ce\u021bi punem la dispozi\u021bie servicii de&nbsp;<strong>babysitting,&nbsp;pet-sitting,&nbsp;cur\u0103\u021benie,&nbsp;medita\u021bii&nbsp;<\/strong>sau&nbsp;<strong>\u00eengrijire v\u00e2rstnici&nbsp;<\/strong>\u00eentr-un mod rapid \u0219i sigur.<\/p>\n\n\n\n<div class=\"wp-block-buttons is-layout-flex wp-block-buttons-is-layout-flex\">\n<div class=\"wp-block-button\"><a class=\"wp-block-button__link wp-element-button\" href=\"https:\/\/helperz.ro\/\" target=\"_blank\" rel=\"noreferrer noopener\">Vezi site-ul principal<\/a><\/div>\n<\/div>\n<\/div>\n\n\n\n<div class=\"wp-block-column is-layout-flow wp-block-column-is-layout-flow\">\n<figure class=\"wp-block-image size-full\"><img loading=\"lazy\" decoding=\"async\" width=\"1020\" height=\"570\" src=\"https:\/\/helperz.ro\/blog\/\/data\/wordpress\/uploads\/2020\/02\/get-to-know-babysitter.jpeg\" alt=\"responsabilitati-bone\" class=\"wp-image-437\"\/><\/figure>\n<\/div>\n<\/div>\n","protected":false},"excerpt":{"rendered":"<p>E\u0219ti p\u0103rinte? Avem resurse gratuite pentru tine E\u0219ti bon\u0103? Uite resurse care s\u0103 te ajute Las\u0103-ne s\u0103 te ajut\u0103m cu treburile&nbsp;acas\u0103&nbsp;\u0219i bucur\u0103-te de mai mult\u0103 lini\u0219te \u0219i timp liber. \u00ce\u021bi punem la dispozi\u021bie servicii de&nbsp;babysitting,&nbsp;pet-sitting,&nbsp;cur\u0103\u021benie,&nbsp;medita\u021bii&nbsp;sau&nbsp;\u00eengrijire v\u00e2rstnici&nbsp;\u00eentr-un mod rapid \u0219i sigur.<\/p>\n","protected":false},"author":3,"featured_media":0,"parent":0,"menu_order":0,"comment_status":"closed","ping_status":"closed","template":"","meta":{"_uag_custom_page_level_css":"","site-sidebar-layout":"default","site-content-layout":"","ast-site-content-layout":"default","site-content-style":"default","site-sidebar-style":"default","ast-global-header-display":"","ast-banner-title-visibility":"","ast-main-header-display":"","ast-hfb-above-header-display":"","ast-hfb-below-header-display":"","ast-hfb-mobile-header-display":"","site-post-title":"","ast-breadcrumbs-content":"","ast-featured-img":"","footer-sml-layout":"","theme-transparent-header-meta":"","adv-header-id-meta":"","stick-header-meta":"","header-above-stick-meta":"","header-main-stick-meta":"","header-below-stick-meta":"","astra-migrate-meta-layouts":"default","ast-page-background-enabled":"default","ast-page-background-meta":{"desktop":{"background-color":"var(--ast-global-color-4)","background-image":"","background-repeat":"repeat","background-position":"center center","background-size":"auto","background-attachment":"scroll","background-type":"","background-media":"","overlay-type":"","overlay-color":"","overlay-opacity":"","overlay-gradient":""},"tablet":{"background-color":"","background-image":"","background-repeat":"repeat","background-position":"center center","background-size":"auto","background-attachment":"scroll","background-type":"","background-media":"","overlay-type":"","overlay-color":"","overlay-opacity":"","overlay-gradient":""},"mobile":{"background-color":"","background-image":"","background-repeat":"repeat","background-position":"center center","background-size":"auto","background-attachment":"scroll","background-type":"","background-media":"","overlay-type":"","overlay-color":"","overlay-opacity":"","overlay-gradient":""}},"ast-content-background-meta":{"desktop":{"background-color":"var(--ast-global-color-5)","background-image":"","background-repeat":"repeat","background-position":"center center","background-size":"auto","background-attachment":"scroll","background-type":"","background-media":"","overlay-type":"","overlay-color":"","overlay-opacity":"","overlay-gradient":""},"tablet":{"background-color":"var(--ast-global-color-5)","background-image":"","background-repeat":"repeat","background-position":"center center","background-size":"auto","background-attachment":"scroll","background-type":"","background-media":"","overlay-type":"","overlay-color":"","overlay-opacity":"","overlay-gradient":""},"mobile":{"background-color":"var(--ast-global-color-5)","background-image":"","background-repeat":"repeat","background-position":"center center","background-size":"auto","background-attachment":"scroll","background-type":"","background-media":"","overlay-type":"","overlay-color":"","overlay-opacity":"","overlay-gradient":""}},"footnotes":""},"class_list":["post-462","page","type-page","status-publish","hentry"],"uagb_featured_image_src":{"full":false,"thumbnail":false,"medium":false,"medium_large":false,"large":false,"1536x1536":false,"2048x2048":false},"uagb_author_info":{"display_name":"Toma","author_link":"https:\/\/helperz.ro\/blog\/author\/toma\/"},"uagb_comment_info":0,"uagb_excerpt":"E\u0219ti p\u0103rinte? Avem resurse gratuite pentru tine E\u0219ti bon\u0103? Uite resurse care s\u0103 te ajute Las\u0103-ne s\u0103 te ajut\u0103m cu treburile&nbsp;acas\u0103&nbsp;\u0219i bucur\u0103-te de mai mult\u0103 lini\u0219te \u0219i timp liber. \u00ce\u021bi punem la dispozi\u021bie servicii de&nbsp;babysitting,&nbsp;pet-sitting,&nbsp;cur\u0103\u021benie,&nbsp;medita\u021bii&nbsp;sau&nbsp;\u00eengrijire v\u00e2rstnici&nbsp;\u00eentr-un mod rapid \u0219i sigur.","_links":{"self":[{"href":"https:\/\/helperz.ro\/blog\/wp-json\/wp\/v2\/pages\/462","targetHints":{"allow":["GET"]}}],"collection":[{"href":"https:\/\/helperz.ro\/blog\/wp-json\/wp\/v2\/pages"}],"about":[{"href":"https:\/\/helperz.ro\/blog\/wp-json\/wp\/v2\/types\/page"}],"author":[{"embeddable":true,"href":"https:\/\/helperz.ro\/blog\/wp-json\/wp\/v2\/users\/3"}],"replies":[{"embeddable":true,"href":"https:\/\/helperz.ro\/blog\/wp-json\/wp\/v2\/comments?post=462"}],"version-history":[{"count":10,"href":"https:\/\/helperz.ro\/blog\/wp-json\/wp\/v2\/pages\/462\/revisions"}],"predecessor-version":[{"id":756,"href":"https:\/\/helperz.ro\/blog\/wp-json\/wp\/v2\/pages\/462\/revisions\/756"}],"wp:attachment":[{"href":"https:\/\/helperz.ro\/blog\/wp-json\/wp\/v2\/media?parent=462"}],"curies":[{"name":"wp","href":"https:\/\/api.w.org\/{rel}","templated":true}]}}